 17. Let m be k(8). Suppose -5*v + 6*v - m = 0. Is v prime?
False
Let r(d) = 3 - 282*d**2 + 282*d**2 + 2*d - d**3. Let c be r(0). Suppose -2*o - 5*a + 894 = -3*a, 0 = -c*a + 12. Is o composite?
False
Let i = 99 + -39. Let u = -35 + i. Is 1405/2*-10*(-2)/u prime?
False
Is (-2 - -7609) + (-17 - 414/(-18)) composite?
True
Suppose -598134 = -12*n - 2*n + 3150632. Is n a composite number?
True
Let k(u) = -6*u + 50. Let h be k(-5). Suppose -h*a = -82*a + 18818. Is a a prime number?
False
Is 5 - -5 - 12 - -473551 composite?
False
Let p be ((-2)/3)/(2/(-15)). Suppose p*t - 2858 = 1587. Is t prime?
False
Let h(p) = 33114*p + 227. Is h(10) composite?
False
Let n(z) = 9619*z - 67. Let s be n(3). Suppose 77*l - 67*l - s = 0. Is l prime?
True
Let c(s) = -2*s - 25. Let f be c(-8). Is (21/f)/7 + (-256784)/(-24) prime?
False
Let i = -79345 - -149396. Is i prime?
True
Let v be 5/(-15) - -2*(-1)/(-6). Suppose 3*u + x = -x - 527, v = -5*u - 4*x - 877. Let d = u - -290. Is d a composite number?
False
Suppose 3*v - 68430 = 3*a, -699*a = -4*v - 697*a + 91230. Is v a composite number?
True
Suppose 0 = -w - 9*y + 16714, 6*w - 33494 = 4*w + 4*y. Is w a composite number?
False
Let g(y) be the third derivative of y**4/12 + 4*y**3 - 20*y**2. Let m be g(-9). Suppose 2*p = m*p - 1316. Is p prime?
False
Is (2 + -1 - (-90)/(-70))/((-10)/804755) prime?
True
Let z = -150 - -154. Suppose -j + 7*p - 2*p = -10134, 2*p = -z*j + 40514. Is j a composite number?
True
Suppose -3*t = 5*j - 0*t - 27, -3*j = 5*t - 29. Suppose 0 = -j*z - 3939 - 6612. Let q = z - -6240. Is q prime?
False
Is (-12 - 696/(-60)) + (-2072077)/(-5) a composite number?
True
Suppose -10*i - 3*d = -582796, -2*i + 3*d = -28128 - 88424. Is i a composite number?
True
Is (2/4)/(93/24759018) composite?
True
Is ((-1275)/(-30) - 7)*11/(33/24294) prime?
False
Let m = 1877 - 1181. Let b(z) = -59*z**3 + 2*z**2 - 5*z - 11. Let d be b(-2). Let c = m - d. Is c prime?
False
Suppose 5*p - 30624 = -5*w + 14691, p = -4*w + 9069. Suppose -3*u + p = 2*n + 540, 5*n = 3*u - 8549. Is u prime?
True
Let c be 26/13 - (-194)/(-1) - -2. Let h(p) = -p**3 - 9*p**2 + 11*p + 21. Let j be h(-12). Let n = j + c. Is n a composite number?
False
Let q = -31514 + 46281. Let l = q - -3292. Is l prime?
True
Let u = -39 + 66. Let b(z) = -75*z - u + 47*z + 74*z. Is b(8) a composite number?
True
Let h(s) = 2*s**2 - 23*s + 5. Let l be h(11). Is ((-2)/(-4))/((-6)/(132984/l)) prime?
True
Suppose 1387 = -2*v + 349. Let c = 11686 - v. Is c a composite number?
True
Suppose -18944 = 2*g - 4*g + 4*n, -2*n = -10. Let c = g - 4027. Is c a prime number?
False
Suppose -5*k = -p + 137, 3*k - 4*p = -p - 87. Let j = -23 - k. Is (-2*(-1)/j)/((-1)/(-1946)) a prime number?
False
Suppose -19*k - 6051486 = -61*k. Is k a composite number?
True
Let l(s) = s**3 + 8*s**2 + 35*s - 2. Let t(v) = v**3 + 12*v**2 + 52*v - 3. Let a = 31 - 36. Let r(d) = a*t(d) + 7*l(d). Is r(6) composite?
False
Suppose 24 = 4*q - 32. Let v be 4/q + 25128/56. Suppose v = b - p, 2*b + 5*p - 877 = -0*p. Is b prime?
False
Let y = -11 + 11. Let h be 37*17 + -3 + y. Suppose -h = -3*c - 4*k, -2*k + 245 = 2*c - 175. Is c prime?
False
Suppose 4*g - 10 = 5*h, -h - 2*g + 2 = 4. Let v be h*(1 + -4 + -1017). Suppose 3*k - v = 1413. Is k a prime number?
True
Suppose -p = -53 - 0. Let s = p + -51. Suppose s*n - 216 = -2*v, -5*v + 88 = n - 0*v. Is n a composite number?
False
Let a(x) = -2*x - 10. Let z be a(10). Let q be (-3)/z*5*6932. Suppose 2491 = 7*y - q. Is y a prime number?
False
Let f = 876375 + -373130. Is f composite?
True
Is (-11)/((-33)/(-90))*(-131048)/48 a composite number?
True
Let h(n) = 11513*n - 1. Let g be h(-2). Let o = -10332 - g. Is o prime?
False
Let q(n) = -5*n + 9. Let f be q(-6). Let u(j) = f*j - 142*j - 9 + 7. Is u(-3) a composite number?
False
Let a(g) = -12*g**3 - 3*g**2 + 9*g + 1. Let k be a(-4). Suppose t + k = 2*t. Is t composite?
True
Let n(y) = -3692*y + 1141. Is n(-74) prime?
True
Let v(u) = u**2 - 2*u. Let d be v(2). Suppose -5*j = s - 23034, d*s - 5*s - 5 = 0. Is j prime?
False
Let c(t) = -t + 2. Let v(j) = -332*j + 205. Let z(u) = -4*c(u) + v(u). Is z(-24) a prime number?
True
Is 2 - (0 + 24471/(-12))/((-23)/(-7452)) a prime number?
True
Let z = 27 + -25. Suppose 4*r = 16, 3*r = -z*g + 93 + 1583. Let y = -318 + g. Is y composite?
True
Suppose 2*k = -v + 475639, -26*k - 3*v = -30*k + 951293. Is k composite?
False
Let x(f) be the third derivative of -f**4/8 - 9*f**2. Let j be x(-1). Suppose -213 = -6*n + j*n. Is n composite?
False
Let f = 841406 + -459135. Is f composite?
False
Suppose 2687*i - 3*v = 2690*i - 2222844, 4*v = 36. Is i prime?
True
Let u = 855 - 845. Suppose 4*l - 29998 = q, -15*q = -5*l - u*q + 37505. Is l prime?
True
Let r(k) = 509*k**2 - 21*k + 59. Is r(15) a prime number?
True
Let r(d) = 8*d**3 + 2*d**2 + 4*d + 1 - 42 + 8*d**2. Is r(9) prime?
True
Let z(g) = -1369*g**3 - 121*g**2 + 22*g - 13. Is z(-12) prime?
True
Suppose -27 = 21*l - 69. Suppose r + 4*m + 1735 = 6066, l*r = 4*m + 8626. Is r a prime number?
False
Let b be (-7345)/(-15) + (-3)/(-9). Suppose -q + 552 = -b. Is q prime?
False
Let p(f) = -3844*f - 23. Let o be (11/33)/((-6)/54). Is p(o) a prime number?
False
Let m(v) = -2*v - 21. Let t be m(-18). Let n = t - 13. Suppose -2*s = n*h + s - 1345, 3*h = s + 2023. Is h composite?
True
Suppose -22*o + 20*o + 5*r + 14 = 0, 3*r = -o - 4. Suppose 3*h - 3*a = a + 693, 0 = 2*a. Suppose -1573 = -o*g - h. Is g prime?
False
Let a = 119 - 118. Is (-4 + (-2213)/2 + a)*-2 a composite number?
True
Let x = -31551 + 77744. Is x composite?
True
Suppose -4*x - x + 4*u + 23211 = 0, -3*u = -4*x + 18569. Let m = -8289 + x. Let f = m + 7695. Is f prime?
True
Suppose -7*r - 166 + 40 = 0. Let j(w) = 7*w**2 + 11*w + 13. Let b be j(r). Suppose -b = -5*x + i - 577, x + i - 300 = 0. Is x composite?
True
Let g be ((-60)/(-14))/(8/56). Is (1545/g)/((-4)/(-584)) a composite number?
True
Let h = 3 - 0. Suppose -n + 4 = 0, 5*u + h*n - 2446 = -n. Let c = u + -235. Is c prime?
True
Suppose 5*o - 15 = 45. Let z(p) = -p**3 + 20*p**2 + p - 19. Let u(n) = -1. Let k(m) = 4*u(m) + z(m). Is k(o) prime?
False
Let v be -2 + -77 - (-4 + -4 - -3). Is ((-4)/10)/(v/47545) a composite number?
False
Suppose 13257 = 5*r + 4*r. Suppose -j + m + 2538 = 0, 4*m + 1080 = j - r. Is j prime?
False
Let d(c) = -52*c**3 + 68*c**2 + 19*c + 1. Is d(-6) prime?
True
Let l(w) = -2*w**2 - 11*w - 8. Let o be l(-4). Is (2/o)/((-2)/(-3604)) a composite number?
True
Is 282/(-42) + 7 + (-29972)/(-7) a prime number?
False
Is 18138 + 255/((-135)/(-9)) prime?
False
Let o = -28167 + 41061. Suppose -c = 3*p - p - o, -5*p + c + 32249 = 0. Is p composite?
False
Suppose -13*r = -10*r - 6. Suppose -p - 10 = r*i, 4*p + 4*i = -p - 44. Let q = 15 - p. Is q composite?
False
Let x(o) = -o**2 - o + 35. Let v be x(5). Suppose -3*d + 2886 + 4108 = -v*w, 9334 = 4*d + 2*w. Is d prime?
True
Suppose -980341 - 269791 = -52*y. Is y prime?
False
Suppose -3*t - 3*d + 36 = 0, 7*t - 6*t - 5*d - 18 = 0. Suppose 11056 = -t*c + 51096. Suppose 895 - c = -5*s. Is s prime?
False
Let x be ((-50)/30 - -3)/(6/9). Suppose 0 = -0*a + 3*a - x*m - 27933, 0 = -3*m. Is a a prime number?
True
Let x(n) = -n**3 - 7*n**2 + 7*n - 3. Let h be x(-8). Suppose -c + c + h*c = 0. Suppose -63*t + 60*t + 5541 = c. Is t prime?
True
Suppose 0 = 174*b - 177*b + 447. Let x = 8790 - b. Is x composite?
False
Let p be (-21)/(5/(-4) - (-1)/4). Let j = -17 + p. Suppose 0 = j*i - 3*w - 595, -3*w = -2*w + 5. Is i a composite number?
True
Suppose -6*t - 3587916 = 5*t - 23*t. Is t a composite number?
False
Let n = 317371 + -150816. Is n a composite number?
True
Let j(c) = 3036*c**2 - 109*c + 1570. Is j(21) a prime number?
False
Let w = -81 + 81. Suppose w = 2*m - 1663 - 1045. Suppose -125*y = -127*y + m. Is y prime?
True
Let w be (-6)/1 + 2*2/1. Is (-2)/(-8)*(w + -7 + 5005) a composite number?
False
Suppose -l + 3*q + 19562 = 3*l, 3*q = -2*l + 9790. Let h(x) = x**2 + 7*x + 8. Let d be h(-5). Is d - ((-3 - l) + 4) a composite number?
False
Let q be ((-1)/(-4))/((-4)/(-1136)). Let s = q - 74. Is (-2 - -3) + (s - -2 - -481) a prime number?
False
Suppose 44*y + 22*y + 32115836 - 90442610 = 0. Is y prime?
True
Suppose -5*m = -4*v + 6572, 0*m = -3*m - 4*v - 3924. Let l = -903 - m. Let g = l - -222.